[INFO] cloning repository https://github.com/poiru/rainmeter-rust
[INFO] running `Command { std: "git" "-c" "credential.helper=" "-c" "credential.helper=/workspace/cargo-home/bin/git-credential-null" "clone" "--bare" "https://github.com/poiru/rainmeter-rust" "/workspace/cache/git-repos/https%3A%2F%2Fgithub.com%2Fpoiru%2Frainmeter-rust", kill_on_drop: false }`
[INFO] [stderr] Cloning into bare repository '/workspace/cache/git-repos/https%3A%2F%2Fgithub.com%2Fpoiru%2Frainmeter-rust'...
[INFO] running `Command { std: "git" "rev-parse" "HEAD", kill_on_drop: false }`
[INFO] [stdout] 90fabe8c582b0c291c6f81c607cf95c94ea37ae4
[INFO] checking poiru/rainmeter-rust against try#72f88fc4e9458f89516a0b8b0868f3718aec5b47 for pr-74989
[INFO] running `Command { std: "git" "clone" "/workspace/cache/git-repos/https%3A%2F%2Fgithub.com%2Fpoiru%2Frainmeter-rust" "/workspace/builds/worker-1/source", kill_on_drop: false }`
[INFO] [stderr] Cloning into '/workspace/builds/worker-1/source'...
[INFO] [stderr] done.
[INFO] validating manifest of git repo https://github.com/poiru/rainmeter-rust on toolchain 72f88fc4e9458f89516a0b8b0868f3718aec5b47
[INFO] running `Command { std: "/workspace/cargo-home/bin/cargo" "+72f88fc4e9458f89516a0b8b0868f3718aec5b47" "read-manifest" "--manifest-path" "Cargo.toml", kill_on_drop: false }`
[INFO] started tweaking git repo https://github.com/poiru/rainmeter-rust
[INFO] finished tweaking git repo https://github.com/poiru/rainmeter-rust
[INFO] tweaked toml for git repo https://github.com/poiru/rainmeter-rust written to /workspace/builds/worker-1/source/Cargo.toml
[INFO] crate git repo https://github.com/poiru/rainmeter-rust already has a lockfile, it will not be regenerated
[INFO] running `Command { std: "/workspace/cargo-home/bin/cargo" "+72f88fc4e9458f89516a0b8b0868f3718aec5b47" "fetch" "--locked" "--manifest-path" "Cargo.toml", kill_on_drop: false }`
[INFO] [stderr]     Updating git repository `https://github.com/zonyitoo/rust-ini`
[INFO] [stderr] error: the lock file /workspace/builds/worker-1/source/Cargo.lock needs to be updated but --locked was passed to prevent this
[INFO] [stderr] If you want to try to generate the lock file without accessing the network, use the --offline flag.
[INFO] the lockfile is outdated, regenerating it
[INFO] running `Command { std: "/workspace/cargo-home/bin/cargo" "+72f88fc4e9458f89516a0b8b0868f3718aec5b47" "generate-lockfile" "--manifest-path" "Cargo.toml" "-Zno-index-update", kill_on_drop: false }`
[INFO] [stderr]     Updating git repository `https://github.com/zonyitoo/rust-ini`
[INFO] running `Command { std: "/workspace/cargo-home/bin/cargo" "+72f88fc4e9458f89516a0b8b0868f3718aec5b47" "fetch" "--locked" "--manifest-path" "Cargo.toml", kill_on_drop: false }`
[INFO] [stderr]     Blocking waiting for file lock on package cache
[INFO] running `Command { std: "docker" "create" "-v" "/var/lib/crater-agent-workspace/builds/worker-1/target:/opt/rustwide/target:rw,Z" "-v" "/var/lib/crater-agent-workspace/builds/worker-1/source:/opt/rustwide/workdir:ro,Z" "-v" "/var/lib/crater-agent-workspace/cargo-home:/opt/rustwide/cargo-home:ro,Z" "-v" "/var/lib/crater-agent-workspace/rustup-home:/opt/rustwide/rustup-home:ro,Z" "-e" "SOURCE_DIR=/opt/rustwide/workdir" "-e" "CARGO_TARGET_DIR=/opt/rustwide/target" "-e" "CARGO_HOME=/opt/rustwide/cargo-home" "-e" "RUSTUP_HOME=/opt/rustwide/rustup-home" "-w" "/opt/rustwide/workdir" "-m" "1610612736" "--user" "0:0" "--network" "none" "rustops/crates-build-env@sha256:d92eaeed33fa75130ca1ee6c8a01d1ffb62bac859dfdfb3450e3e5d1c0146529" "/opt/rustwide/cargo-home/bin/cargo" "+72f88fc4e9458f89516a0b8b0868f3718aec5b47" "metadata" "--no-deps" "--format-version=1", kill_on_drop: false }`
[INFO] [stdout] 21581fd3ce7c6998c634955921173bc9be9397e4a1b987c5b9add6969fe120da
[INFO] [stderr] WARNING: Your kernel does not support swap limit capabilities or the cgroup is not mounted. Memory limited without swap.
[INFO] running `Command { std: "docker" "start" "-a" "21581fd3ce7c6998c634955921173bc9be9397e4a1b987c5b9add6969fe120da", kill_on_drop: false }`
[INFO] running `Command { std: "docker" "inspect" "21581fd3ce7c6998c634955921173bc9be9397e4a1b987c5b9add6969fe120da", kill_on_drop: false }`
[INFO] running `Command { std: "docker" "rm" "-f" "21581fd3ce7c6998c634955921173bc9be9397e4a1b987c5b9add6969fe120da", kill_on_drop: false }`
[INFO] [stdout] 21581fd3ce7c6998c634955921173bc9be9397e4a1b987c5b9add6969fe120da
[INFO] running `Command { std: "docker" "create" "-v" "/var/lib/crater-agent-workspace/builds/worker-1/target:/opt/rustwide/target:rw,Z" "-v" "/var/lib/crater-agent-workspace/builds/worker-1/source:/opt/rustwide/workdir:ro,Z" "-v" "/var/lib/crater-agent-workspace/cargo-home:/opt/rustwide/cargo-home:ro,Z" "-v" "/var/lib/crater-agent-workspace/rustup-home:/opt/rustwide/rustup-home:ro,Z" "-e" "SOURCE_DIR=/opt/rustwide/workdir" "-e" "CARGO_TARGET_DIR=/opt/rustwide/target" "-e" "CARGO_INCREMENTAL=0" "-e" "RUST_BACKTRACE=full" "-e" "RUSTFLAGS=--cap-lints=forbid" "-e" "CARGO_HOME=/opt/rustwide/cargo-home" "-e" "RUSTUP_HOME=/opt/rustwide/rustup-home" "-w" "/opt/rustwide/workdir" "-m" "1610612736" "--user" "0:0" "--network" "none" "rustops/crates-build-env@sha256:d92eaeed33fa75130ca1ee6c8a01d1ffb62bac859dfdfb3450e3e5d1c0146529" "/opt/rustwide/cargo-home/bin/cargo" "+72f88fc4e9458f89516a0b8b0868f3718aec5b47" "check" "--frozen" "--all" "--all-targets" "--message-format=json", kill_on_drop: false }`
[INFO] [stderr] WARNING: Your kernel does not support swap limit capabilities or the cgroup is not mounted. Memory limited without swap.
[INFO] [stdout] e012d1b769cc26a27d8f7d9d91a518857b2fed411e0839a29bef5c1d98a57deb
[INFO] running `Command { std: "docker" "start" "-a" "e012d1b769cc26a27d8f7d9d91a518857b2fed411e0839a29bef5c1d98a57deb", kill_on_drop: false }`
[INFO] [stderr]    Compiling version_check v0.9.2
[INFO] [stderr]    Compiling getrandom v0.1.15
[INFO] [stderr]     Checking ppv-lite86 v0.2.9
[INFO] [stderr]    Compiling autocfg v1.0.1
[INFO] [stderr]     Checking ahash v0.3.8
[INFO] [stderr]    Compiling proc-macro2 v1.0.21
[INFO] [stderr]    Compiling standback v0.2.10
[INFO] [stderr]    Compiling time v0.2.19
[INFO] [stderr]    Compiling quote v1.0.7
[INFO] [stderr]    Compiling hashbrown v0.7.2
[INFO] [stderr]     Checking rand_core v0.5.1
[INFO] [stderr]     Checking rand_chacha v0.2.2
[INFO] [stderr]    Compiling syn v1.0.41
[INFO] [stderr]     Checking rand v0.7.3
[INFO] [stderr]     Checking dlv-list v0.2.2
[INFO] [stderr]     Checking ordered-multimap v0.2.4
[INFO] [stderr]     Checking rust-ini v0.15.3 (https://github.com/zonyitoo/rust-ini#c25729a8)
[INFO] [stderr]    Compiling time-macros-impl v0.1.1
[INFO] [stderr]     Checking time-macros v0.1.0
[INFO] [stderr]     Checking rainmeter-rust v0.0.1 (/opt/rustwide/workdir)
[INFO] [stdout] error[E0432]: unresolved import `std::num::from_str_radix`
[INFO] [stdout]  --> src/config.rs:7:5
[INFO] [stdout]   |
[INFO] [stdout] 7 | use std::num::from_str_radix;
[INFO] [stdout]   |     ^^^^^^^^^^^^^^^^^^^^^^^^ no `from_str_radix` in `num`
[INFO] [stdout] 
[INFO] [stdout] 
[INFO] [stdout] error[E0412]: cannot find type `Tm` in crate `time`
[INFO] [stdout]   --> src/time_measure.rs:13:18
[INFO] [stdout]    |
[INFO] [stdout] 13 |     value: time::Tm,
[INFO] [stdout]    |                  ^^ not found in `time`
[INFO] [stdout] 
[INFO] [stdout] 
[INFO] [stdout] error[E0432]: unresolved import `std::num::from_str_radix`
[INFO] [stdout]  --> src/config.rs:7:5
[INFO] [stdout]   |
[INFO] [stdout] 7 | use std::num::from_str_radix;
[INFO] [stdout]   |     ^^^^^^^^^^^^^^^^^^^^^^^^ no `from_str_radix` in `num`
[INFO] [stdout] 
[INFO] [stdout] 
[INFO] [stdout] error[E0412]: cannot find type `Tm` in crate `time`
[INFO] [stdout]   --> src/time_measure.rs:13:18
[INFO] [stdout]    |
[INFO] [stdout] 13 |     value: time::Tm,
[INFO] [stdout]    |                  ^^ not found in `time`
[INFO] [stdout] 
[INFO] [stdout] 
[INFO] [stdout] error[E0425]: cannot find function `now` in crate `time`
[INFO] [stdout]   --> src/time_measure.rs:20:26
[INFO] [stdout]    |
[INFO] [stdout] 20 |             value: time::now(),
[INFO] [stdout]    |                          ^^^ not found in `time`
[INFO] [stdout] 
[INFO] [stdout] 
[INFO] [stdout] error[E0425]: cannot find function `now` in crate `time`
[INFO] [stdout]   --> src/time_measure.rs:31:28
[INFO] [stdout]    |
[INFO] [stdout] 31 |         self.value = time::now();
[INFO] [stdout]    |                            ^^^ not found in `time`
[INFO] [stdout] 
[INFO] [stdout] 
[INFO] [stdout] error[E0425]: cannot find function `strftime` in crate `time`
[INFO] [stdout]   --> src/time_measure.rs:39:15
[INFO] [stdout]    |
[INFO] [stdout] 39 |         time::strftime("%H:%M", &self.value).unwrap_or(String::new())
[INFO] [stdout]    |               ^^^^^^^^ not found in `time`
[INFO] [stdout] 
[INFO] [stdout] 
[INFO] [stdout] warning: trait objects without an explicit `dyn` are deprecated
[INFO] [stdout]   --> src/skin.rs:11:23
[INFO] [stdout]    |
[INFO] [stdout] 11 |     measures: Vec<Box<Measureable<'a> + 'a>>,
[INFO] [stdout]    |                       ^^^^^^^^^^^^^^^^^^^^ help: use `dyn`: `dyn Measureable<'a> + 'a`
[INFO] [stdout]    |
[INFO] [stdout]    = note: `#[warn(bare_trait_objects)]` on by default
[INFO] [stdout] 
[INFO] [stdout] 
[INFO] [stdout] warning: trait objects without an explicit `dyn` are deprecated
[INFO] [stdout]   --> src/skin.rs:26:48
[INFO] [stdout]    |
[INFO] [stdout] 26 |     pub fn add_measure(&mut self, measure: Box<Measureable<'a> + 'a>) {
[INFO] [stdout]    |                                                ^^^^^^^^^^^^^^^^^^^^ help: use `dyn`: `dyn Measureable<'a> + 'a`
[INFO] [stdout] 
[INFO] [stdout] 
[INFO] [stdout] warning: trait objects without an explicit `dyn` are deprecated
[INFO] [stdout]   --> src/skin.rs:30:40
[INFO] [stdout]    |
[INFO] [stdout] 30 |     pub fn measures(&self) -> &Vec<Box<Measureable<'a> + 'a>> {
[INFO] [stdout]    |                                        ^^^^^^^^^^^^^^^^^^^^ help: use `dyn`: `dyn Measureable<'a> + 'a`
[INFO] [stdout] 
[INFO] [stdout] 
[INFO] [stdout] error[E0425]: cannot find function `now` in crate `time`
[INFO] [stdout]   --> src/time_measure.rs:20:26
[INFO] [stdout]    |
[INFO] [stdout] 20 |             value: time::now(),
[INFO] [stdout]    |                          ^^^ not found in `time`
[INFO] [stdout] 
[INFO] [stdout] 
[INFO] [stdout] error[E0425]: cannot find function `now` in crate `time`
[INFO] [stdout]   --> src/time_measure.rs:31:28
[INFO] [stdout]    |
[INFO] [stdout] 31 |         self.value = time::now();
[INFO] [stdout]    |                            ^^^ not found in `time`
[INFO] [stdout] 
[INFO] [stdout] 
[INFO] [stdout] error[E0425]: cannot find function `strftime` in crate `time`
[INFO] [stdout]   --> src/time_measure.rs:39:15
[INFO] [stdout]    |
[INFO] [stdout] 39 |         time::strftime("%H:%M", &self.value).unwrap_or(String::new())
[INFO] [stdout]    |               ^^^^^^^^ not found in `time`
[INFO] [stdout] 
[INFO] [stdout] 
[INFO] [stdout] warning: trait objects without an explicit `dyn` are deprecated
[INFO] [stdout]   --> src/skin.rs:11:23
[INFO] [stdout]    |
[INFO] [stdout] 11 |     measures: Vec<Box<Measureable<'a> + 'a>>,
[INFO] [stdout]    |                       ^^^^^^^^^^^^^^^^^^^^ help: use `dyn`: `dyn Measureable<'a> + 'a`
[INFO] [stdout]    |
[INFO] [stdout]    = note: `#[warn(bare_trait_objects)]` on by default
[INFO] [stdout] 
[INFO] [stdout] 
[INFO] [stdout] warning: trait objects without an explicit `dyn` are deprecated
[INFO] [stdout]   --> src/skin.rs:26:48
[INFO] [stdout]    |
[INFO] [stdout] 26 |     pub fn add_measure(&mut self, measure: Box<Measureable<'a> + 'a>) {
[INFO] [stdout]    |                                                ^^^^^^^^^^^^^^^^^^^^ help: use `dyn`: `dyn Measureable<'a> + 'a`
[INFO] [stdout] 
[INFO] [stdout] 
[INFO] [stdout] warning: trait objects without an explicit `dyn` are deprecated
[INFO] [stdout]   --> src/skin.rs:30:40
[INFO] [stdout]    |
[INFO] [stdout] 30 |     pub fn measures(&self) -> &Vec<Box<Measureable<'a> + 'a>> {
[INFO] [stdout]    |                                        ^^^^^^^^^^^^^^^^^^^^ help: use `dyn`: `dyn Measureable<'a> + 'a`
[INFO] [stdout] 
[INFO] [stdout] 
[INFO] [stdout] error[E0599]: no method named `begin_section` found for struct `Ini` in the current scope
[INFO] [stdout]   --> src/config.rs:22:18
[INFO] [stdout]    |
[INFO] [stdout] 22 |         self.ini.begin_section(section);
[INFO] [stdout]    |                  ^^^^^^^^^^^^^ method not found in `Ini`
[INFO] [stdout] 
[INFO] [stdout] 
[INFO] [stdout] error[E0599]: no method named `get` found for struct `Ini` in the current scope
[INFO] [stdout]   --> src/config.rs:23:36
[INFO] [stdout]    |
[INFO] [stdout] 23 |         let value = match self.ini.get(key) {
[INFO] [stdout]    |                                    ^^^ method not found in `Ini`
[INFO] [stdout] 
[INFO] [stdout] 
[INFO] [stdout] error[E0599]: no function or associated item named `from_str` found for struct `String` in the current scope
[INFO] [stdout]   --> src/config.rs:24:37
[INFO] [stdout]    |
[INFO] [stdout] 24 |             Some(v) => Some(String::from_str(v)),
[INFO] [stdout]    |                                     ^^^^^^^^ function or associated item not found in `String`
[INFO] [stdout]    |
[INFO] [stdout]    = help: items from traits can only be used if the trait is in scope
[INFO] [stdout]    = note: the following trait is implemented but not in scope; perhaps add a `use` for it:
[INFO] [stdout]            `use std::str::FromStr;`
[INFO] [stdout] 
[INFO] [stdout] 
[INFO] [stdout] error[E0599]: no method named `end_section` found for struct `Ini` in the current scope
[INFO] [stdout]   --> src/config.rs:27:18
[INFO] [stdout]    |
[INFO] [stdout] 27 |         self.ini.end_section();
[INFO] [stdout]    |                  ^^^^^^^^^^^ method not found in `Ini`
[INFO] [stdout] 
[INFO] [stdout] 
[INFO] [stdout] error[E0599]: no method named `begin_section` found for struct `Ini` in the current scope
[INFO] [stdout]   --> src/config.rs:32:18
[INFO] [stdout]    |
[INFO] [stdout] 32 |         self.ini.begin_section(section);
[INFO] [stdout]    |                  ^^^^^^^^^^^^^ method not found in `Ini`
[INFO] [stdout] 
[INFO] [stdout] 
[INFO] [stdout] error[E0599]: no method named `get` found for struct `Ini` in the current scope
[INFO] [stdout]   --> src/config.rs:33:36
[INFO] [stdout]    |
[INFO] [stdout] 33 |         let value = match self.ini.get(key) {
[INFO] [stdout]    |                                    ^^^ method not found in `Ini`
[INFO] [stdout] 
[INFO] [stdout] 
[INFO] [stdout] error[E0599]: no method named `end_section` found for struct `Ini` in the current scope
[INFO] [stdout]   --> src/config.rs:37:18
[INFO] [stdout]    |
[INFO] [stdout] 37 |         self.ini.end_section();
[INFO] [stdout]    |                  ^^^^^^^^^^^ method not found in `Ini`
[INFO] [stdout] 
[INFO] [stdout] 
[INFO] [stdout] error[E0599]: no method named `begin_section` found for struct `Ini` in the current scope
[INFO] [stdout]   --> src/config.rs:22:18
[INFO] [stdout]    |
[INFO] [stdout] 22 |         self.ini.begin_section(section);
[INFO] [stdout]    |                  ^^^^^^^^^^^^^ method not found in `Ini`
[INFO] [stdout] 
[INFO] [stdout] 
[INFO] [stdout] error[E0599]: no method named `begin_section` found for struct `Ini` in the current scope
[INFO] [stdout]   --> src/config.rs:42:18
[INFO] [stdout]    |
[INFO] [stdout] 42 |         self.ini.begin_section(section);
[INFO] [stdout]    |                  ^^^^^^^^^^^^^ method not found in `Ini`
[INFO] [stdout] 
[INFO] [stdout] 
[INFO] [stdout] error[E0599]: no method named `get` found for struct `Ini` in the current scope
[INFO] [stdout]   --> src/config.rs:43:36
[INFO] [stdout]    |
[INFO] [stdout] 43 |         let value = match self.ini.get(key) {
[INFO] [stdout]    |                                    ^^^ method not found in `Ini`
[INFO] [stdout] 
[INFO] [stdout] 
[INFO] [stdout] error[E0599]: no method named `get` found for struct `Ini` in the current scope
[INFO] [stdout]   --> src/config.rs:23:36
[INFO] [stdout]    |
[INFO] [stdout] 23 |         let value = match self.ini.get(key) {
[INFO] [stdout]    |                                    ^^^ method not found in `Ini`
[INFO] [stdout] 
[INFO] [stdout] 
[INFO] [stdout] error[E0599]: no function or associated item named `from_str` found for struct `String` in the current scope
[INFO] [stdout]   --> src/config.rs:24:37
[INFO] [stdout]    |
[INFO] [stdout] 24 |             Some(v) => Some(String::from_str(v)),
[INFO] [stdout]    |                                     ^^^^^^^^ function or associated item not found in `String`
[INFO] [stdout]    |
[INFO] [stdout]    = help: items from traits can only be used if the trait is in scope
[INFO] [stdout]    = note: the following trait is implemented but not in scope; perhaps add a `use` for it:
[INFO] [stdout]            `use std::str::FromStr;`
[INFO] [stdout] 
[INFO] [stdout] 
[INFO] [stdout] error[E0599]: no method named `end_section` found for struct `Ini` in the current scope
[INFO] [stdout]   --> src/config.rs:47:18
[INFO] [stdout]    |
[INFO] [stdout] 47 |         self.ini.end_section();
[INFO] [stdout]    |                  ^^^^^^^^^^^ method not found in `Ini`
[INFO] [stdout] 
[INFO] [stdout] 
[INFO] [stdout] error[E0599]: no method named `begin_section` found for struct `Ini` in the current scope
[INFO] [stdout]   --> src/config.rs:52:18
[INFO] [stdout]    |
[INFO] [stdout] 52 |         self.ini.begin_section(section);
[INFO] [stdout]    |                  ^^^^^^^^^^^^^ method not found in `Ini`
[INFO] [stdout] 
[INFO] [stdout] 
[INFO] [stdout] error[E0599]: no method named `end_section` found for struct `Ini` in the current scope
[INFO] [stdout]   --> src/config.rs:27:18
[INFO] [stdout]    |
[INFO] [stdout] 27 |         self.ini.end_section();
[INFO] [stdout]    |                  ^^^^^^^^^^^ method not found in `Ini`
[INFO] [stdout] 
[INFO] [stdout] 
[INFO] [stdout] error[E0599]: no method named `get` found for struct `Ini` in the current scope
[INFO] [stdout]   --> src/config.rs:53:36
[INFO] [stdout]    |
[INFO] [stdout] 53 |         let value = match self.ini.get(key) {
[INFO] [stdout]    |                                    ^^^ method not found in `Ini`
[INFO] [stdout] 
[INFO] [stdout] 
[INFO] [stdout] error[E0599]: no method named `begin_section` found for struct `Ini` in the current scope
[INFO] [stdout]   --> src/config.rs:32:18
[INFO] [stdout]    |
[INFO] [stdout] 32 |         self.ini.begin_section(section);
[INFO] [stdout]    |                  ^^^^^^^^^^^^^ method not found in `Ini`
[INFO] [stdout] 
[INFO] [stdout] 
[INFO] [stdout] error[E0599]: no method named `end_section` found for struct `Ini` in the current scope
[INFO] [stdout]   --> src/config.rs:57:18
[INFO] [stdout]    |
[INFO] [stdout] 57 |         self.ini.end_section();
[INFO] [stdout]    |                  ^^^^^^^^^^^ method not found in `Ini`
[INFO] [stdout] 
[INFO] [stdout] 
[INFO] [stdout] error[E0599]: no method named `get` found for struct `Ini` in the current scope
[INFO] [stdout]   --> src/config.rs:33:36
[INFO] [stdout]    |
[INFO] [stdout] 33 |         let value = match self.ini.get(key) {
[INFO] [stdout]    |                                    ^^^ method not found in `Ini`
[INFO] [stdout] 
[INFO] [stdout] 
[INFO] [stdout] error[E0599]: no method named `end_section` found for struct `Ini` in the current scope
[INFO] [stdout]   --> src/config.rs:37:18
[INFO] [stdout]    |
[INFO] [stdout] 37 |         self.ini.end_section();
[INFO] [stdout]    |                  ^^^^^^^^^^^ method not found in `Ini`
[INFO] [stdout] 
[INFO] [stdout] 
[INFO] [stdout] error[E0599]: no method named `begin_section` found for struct `Ini` in the current scope
[INFO] [stdout]   --> src/config.rs:42:18
[INFO] [stdout]    |
[INFO] [stdout] 42 |         self.ini.begin_section(section);
[INFO] [stdout]    |                  ^^^^^^^^^^^^^ method not found in `Ini`
[INFO] [stdout] 
[INFO] [stdout] 
[INFO] [stdout] error[E0599]: no method named `get` found for struct `Ini` in the current scope
[INFO] [stdout]   --> src/config.rs:43:36
[INFO] [stdout]    |
[INFO] [stdout] 43 |         let value = match self.ini.get(key) {
[INFO] [stdout]    |                                    ^^^ method not found in `Ini`
[INFO] [stdout] 
[INFO] [stdout] 
[INFO] [stdout] error[E0599]: no method named `as_slice` found for struct `String` in the current scope
[INFO] [stdout]   --> src/skin.rs:23:19
[INFO] [stdout]    |
[INFO] [stdout] 23 |         self.name.as_slice()
[INFO] [stdout]    |                   ^^^^^^^^ method not found in `String`
[INFO] [stdout] 
[INFO] [stdout] 
[INFO] [stdout] error[E0599]: no method named `end_section` found for struct `Ini` in the current scope
[INFO] [stdout]   --> src/config.rs:47:18
[INFO] [stdout]    |
[INFO] [stdout] 47 |         self.ini.end_section();
[INFO] [stdout]    |                  ^^^^^^^^^^^ method not found in `Ini`
[INFO] [stdout] 
[INFO] [stdout] 
[INFO] [stdout] error[E0599]: no method named `begin_section` found for struct `Ini` in the current scope
[INFO] [stdout]   --> src/config.rs:52:18
[INFO] [stdout]    |
[INFO] [stdout] 52 |         self.ini.begin_section(section);
[INFO] [stdout]    |                  ^^^^^^^^^^^^^ method not found in `Ini`
[INFO] [stdout] 
[INFO] [stdout] 
[INFO] [stdout] error[E0599]: no method named `get` found for struct `Ini` in the current scope
[INFO] [stdout]   --> src/config.rs:53:36
[INFO] [stdout]    |
[INFO] [stdout] 53 |         let value = match self.ini.get(key) {
[INFO] [stdout]    |                                    ^^^ method not found in `Ini`
[INFO] [stdout] 
[INFO] [stdout] 
[INFO] [stdout] error[E0599]: no method named `end_section` found for struct `Ini` in the current scope
[INFO] [stdout]   --> src/config.rs:57:18
[INFO] [stdout]    |
[INFO] [stdout] 57 |         self.ini.end_section();
[INFO] [stdout]    |                  ^^^^^^^^^^^ method not found in `Ini`
[INFO] [stdout] 
[INFO] [stdout] 
[INFO] [stdout] error[E0599]: no method named `as_slice` found for struct `String` in the current scope
[INFO] [stdout]   --> src/skin.rs:23:19
[INFO] [stdout]    |
[INFO] [stdout] 23 |         self.name.as_slice()
[INFO] [stdout]    |                   ^^^^^^^^ method not found in `String`
[INFO] [stdout] 
[INFO] [stdout] 
[INFO] [stdout] error[E0599]: no method named `as_slice` found for struct `String` in the current scope
[INFO] [stdout]   --> src/time_measure.rs:27:19
[INFO] [stdout]    |
[INFO] [stdout] 27 |         self.name.as_slice()
[INFO] [stdout]    |                   ^^^^^^^^ method not found in `String`
[INFO] [stdout] 
[INFO] [stdout] 
[INFO] [stdout] error[E0599]: no method named `as_slice` found for struct `String` in the current scope
[INFO] [stdout]   --> src/time_measure.rs:27:19
[INFO] [stdout]    |
[INFO] [stdout] 27 |         self.name.as_slice()
[INFO] [stdout]    |                   ^^^^^^^^ method not found in `String`
[INFO] [stdout] 
[INFO] [stdout] 
[INFO] [stdout] error: aborting due to 20 previous errors; 3 warnings emitted
[INFO] [stdout] 
[INFO] [stdout] 
[INFO] [stdout] Some errors have detailed explanations: E0412, E0425, E0432, E0599.
[INFO] [stdout] 
[INFO] [stdout] For more information about an error, try `rustc --explain E0412`.
[INFO] [stdout] 
[INFO] [stderr] error: could not compile `rainmeter-rust`.
[INFO] [stderr] 
[INFO] [stderr] To learn more, run the command again with --verbose.
[INFO] [stderr] warning: build failed, waiting for other jobs to finish...
[INFO] [stdout] error: aborting due to 20 previous errors; 3 warnings emitted
[INFO] [stdout] 
[INFO] [stdout] 
[INFO] [stdout] Some errors have detailed explanations: E0412, E0425, E0432, E0599.
[INFO] [stdout] 
[INFO] [stdout] For more information about an error, try `rustc --explain E0412`.
[INFO] [stdout] 
[INFO] [stderr] error: build failed
[INFO] running `Command { std: "docker" "inspect" "e012d1b769cc26a27d8f7d9d91a518857b2fed411e0839a29bef5c1d98a57deb", kill_on_drop: false }`
[INFO] running `Command { std: "docker" "rm" "-f" "e012d1b769cc26a27d8f7d9d91a518857b2fed411e0839a29bef5c1d98a57deb", kill_on_drop: false }`
[INFO] [stdout] e012d1b769cc26a27d8f7d9d91a518857b2fed411e0839a29bef5c1d98a57deb
